2, 7
List the prime factors of 66*4/(36/3).
2, 11
Let b(d) = -d + 2. Let z be b(1). Let i = z - -3. Suppose 3*o = i*q + 6, 2*o + 0*q = q + 4. What are the prime factors of o?
2
Let a = 42 + -20. What are the prime factors of a?
2, 11
Let c(f) = f**2 + 2*f + 2. Let w = 12 + -7. Suppose 0 = 3*b - 6, -d + w*b = 3*b + 8. What are the prime factors of c(d)?
2, 5
Let r be 2/(-6)*(-21)/1. Let i = r - -3. Let b = -3 + i. List the prime factors of b.
7
Suppose 0 = -n - q - 11, -3*n = -0*q - q + 21. Let c(i) = i + 7. Let d be c(n). List the prime factors of (-13 - -4)/(1*d).
3
Suppose 5*n = 2*d - 122, -3*d + 4 + 10 = -n. Let w = 38 + n. Suppose -r = -2*r + w. List the prime factors of r.
2, 3
Let i(y) = y**3 + 18*y**2 - 9*y + 41. List the prime factors of i(-18).
7, 29
Let j = 118 - 8. List the prime factors of j.
2, 5, 11
Let p(g) = -g**2 + 11*g - 5. Let w(m) = 2*m - 8. Let z be w(8). What are the prime factors of p(z)?
19
Let i be 0 + 1 + -4 + 3. Suppose i = 4*o - o. Let p = 3 - o. What are the prime factors of p?
3
Let z be (-4)/6 - 350/(-3). Suppose -5*r + 3*b + z = 0, -r + 5*b + 32 = -0*b. What are the prime factors of r?
2, 11
Suppose -5*v = w - 68, -4*w + 152 = -3*v - 51. Let a = w - 35. Suppose 5*r = -c + a, 2*r - 21 = 2*c - 7*c. List the prime factors of c.
3
Suppose -3*g - 4*u + 24 = -20, 4*u - 12 = g. Suppose g = 4*y - 36. What are the prime factors of y?
11
Let q = -10 - -153. What are the prime factors of q?
11, 13
Suppose -4*g + 4 = -4*x, -12 = 4*x + 8. What are the prime factors of ((-30)/g)/((-3)/(-4))?
2, 5
Suppose 2*x + 5 = 1, -5*k = 5*x - 555. What are the prime factors of k?
113
Let k(w) = 21*w**2 - 3*w - 3. List the prime factors of k(-3).
3, 5, 13
Let n = 9 + 38. What are the prime factors of n?
47
Let k(h) = h**2 + h - 4. Let g be k(3). Let a = -4 + 3. What are the prime factors of -2 + 2 + (g - a)?
3
Let x(f) = 10*f + 35. List the prime factors of x(10).
3, 5
Let n be 2/(-9) - (-21)/(-27). Let u be -1*(n - (-2 + 1)). Let r(v) = -v**3 + v**2 + 17. List the prime factors of r(u).
17
Let w be (-2)/(-9) + (-68)/(-18). List the prime factors of (-70)/w*(-8)/5.
2, 7
Let v(w) = 4*w**3 + 2*w**2 - 6. Let a(y) = -y**3 + y**2 - y + 1. Let b(x) = 5*a(x) + v(x). List the prime factors of b(6).
5
List the prime factors of (-4)/18 - (-332)/36.
3
Let u(t) = 5*t - 14. List the prime factors of u(11).
41
Suppose -10*m - 237 = -13*m. What are the prime factors of m?
79
Suppose g - 3*k + 19 = 0, 4*g + 2*k - 29 = -91. What are the prime factors of g/(-8) + 18/1?
2, 5
Suppose 9*k - 4*k + 2*y = 458, 0 = -4*k - y + 364. What are the prime factors of k?
2, 3, 5
Let p be 0 + (4 - 1)/(-3). What are the prime factors of 1*p/2*-4?
2
Let c = -28 + 44. What are the prime factors of c?
2
Let i = 18 - 12. List the prime factors of i.
2, 3
Suppose 102 = -4*v + 6*v. What are the prime factors of v?
3, 17
Let c = 50 + 23. What are the prime factors of c?
73
Let a(p) = -p**3 + p - 1. Let r be a(-2). Suppose 0 = r*g + 4 + 41. Let w = 2 - g. List the prime factors of w.
11
Let z = 3 + -2. Suppose -24 - z = -5*b. List the prime factors of (b/10)/(2/16).
2
Suppose -4*s + 0*p - 15 = -3*p, 4*s - 5*p + 17 = 0. Suppose -8*f = -4*f + 20. Let q = s - f. List the prime factors of q.
2
Let l(p) = -p**2 - 6*p - 3. Let r be l(-4). Suppose -2*d = y - 0*d - 36, 0 = -y + r*d + 15. What are the prime factors of y?
2, 3, 5
Let c be 1/(-2) + (-21)/2. Let q = c - -15. Suppose m = -q*z + 66, 6*m = -2*z + 2*m + 40. List the prime factors of z.
2
Let u(i) = i**3 + 5*i**2 + 5*i + 2. Let d be u(-4). Let h be d*(22/(-4) - -3). Suppose 4*a - 12 = l - h*l, a - 5*l = 9. List the prime factors of a.
2
Let v = 516 - 350. What are the prime factors of v?
2, 83
Suppose 5*n - 9 - 6 = 0. Suppose n*f + 1 = 22. List the prime factors of f.
7
Suppose 34 = 3*c + 2*z, 0*z + 32 = 4*c - 4*z. What are the prime factors of c?
2, 5
Let y(i) = -i**2 - 28*i - 51. List the prime factors of y(-21).
2, 3
Let i = 88 + -50. Suppose -t - t = -i. What are the prime factors of t?
19
Suppose 4*j + 18 + 14 = 0. Let d = j - -14. List the prime factors of d.
2, 3
Suppose 3*p = 4*p - 56. List the prime factors of p.
2, 7
Let q = 4 - 2. Suppose 5*u - 28 = -q*p, 24 = 3*u + u + 2*p. List the prime factors of 46/4 + 2/u.
2, 3
List the prime factors of (-66)/(-8) + (-2)/8.
2
Let u(r) = -3*r - 2. List the prime factors of u(-10).
2, 7
Let h be 4/(-18) - 4/(-18). Suppose -4*c + 2*c - 2 = h. List the prime factors of 0 + (2*c - -10).
2
Let x(j) = j**2 + j + 1. Let g = -6 + 8. Let f be x(g). Let d = -2 + f. List the prime factors of d.
5
Let t(q) = -3*q**2 - 5*q - 4. Let v(m) = -4*m**2 - 6*m - 5. Let u(p) = 5*t(p) - 4*v(p). Let o(b) = -b**2 + 2. Let w be o(0). List the prime factors of u(w).
2
Suppose -4*m - 5*g - 4 + 46 = 0, -4*m + 5*g = -22. What are the prime factors of m?
2
Let b = 65 - 99. Let a = b + 72. Suppose 5*w + 0*s - 4*s = 51, -5*s + a = 3*w. List the prime factors of w.
11
List the prime factors of (6/(-15)*-5)/((-2)/(-76)).
2, 19
Let x be 4/18 + 86/18. Let q = -2 + x. Suppose q = 4*m - 41. What are the prime factors of m?
11
Suppose -4*p - 54 = i, -5*p + i + 1 = 64. Let u = 27 + p. Suppose -3*c = u - 41. What are the prime factors of c?
3
Suppose -56 = -2*g + 228. What are the prime factors of g?
2, 71
Let y(r) = 2*r + 1. Let t be y(-3). Let z = t + 8. Suppose z*q - 17 = -q + 3*m, -3*q + 14 = -m. List the prime factors of q.
5
Suppose -q + 120 = 3*q. List the prime factors of q.
2, 3, 5
Let x = 5 + -5. Suppose 5*h - 4*m - 31 = x, -3*h - 3*m = -0*h - 24. List the prime factors of h.
7
Let h(x) = x + 6. Let w be h(-8). Let k(m) = -9*m - 1. List the prime factors of k(w).
17
Let m(j) = 10*j**2 + 4*j - 7. What are the prime factors of m(4)?
13
Suppose 4*p - 118 = 234. Suppose -10*y + 14*y = p. What are the prime factors of y?
2, 11
Let b(m) be the second derivative of -m**5/20 - 7*m**4/12 - 3*m**3/2 - 3*m**2/2 - 2*m. What are the prime factors of b(-6)?
3, 5
Suppose 280 = 5*i - 5*w, 3*i + 4*w - 36 = 2*i. What are the prime factors of i?
2, 13
Suppose 0 = -11*z + 8*z + 81. What are the prime factors of z?
3
Let m = 54 + 20. What are the prime factors of m?
2, 37
Suppose -z - 4*q = -48, -3*z + q = -0*q - 131. Suppose 3*w - z = -w. What are the prime factors of w?
11
Let r = 47 - 12. List the prime factors of r.
5, 7
Let o = 28 + 3. Let y = -21 + o. Let g = y + -3. List the prime factors of g.
7
Suppose 0*l - 21 = 3*l. Let r = l - -10. List the prime factors of r.
3
Let f = 8 - 6. Suppose -3*i + f*i = -5. List the prime factors of i.
5
Suppose -2317 = -21*d + 812. What are the prime factors of d?
149
Let t(g) = -g - 10. Let y be t(-8). Let u be (6/y)/((-3)/4). Suppose 35 = u*c + c. List the prime factors of c.
7
List the prime factors of 2 - (2/3 - (-140)/(-3)).
2, 3
Suppose -14 = 4*n + 3*d - 70, 56 = 4*n + 4*d. Suppose -t = -59 + n. Suppose -40 = -5*a - 2*u + 5, 3*u - t = -5*a. What are the prime factors of a?
3
Suppose -5*v - 3*n = -23, -5*v + 5*n = -3*v - 3. Let o = 7 + v. List the prime factors of o.
11
List the prime factors of 4/18 + 9945/81.
3, 41
Let k = 14 - -12. Suppose k = y + y. List the prime factors of y.
13
Suppose 0 = 2*b - 4, -3*b + b = -3*i - 10. Let u = 7 + i. What are the prime factors of u?
5
Let k be 1/(-5) - 3/(-15). Suppose -3*p + 7*p - 56 = k. What are the prime factors of p?
2, 7
Let p(t) = 2*t**2 + t + 2. Let m be p(-1). Suppose m*g - 4*g = -4. List the prime factors of g.
2
Suppose 0 = 2*v - 6*v + 96. What are the prime factors of v?
2, 3
Let t(c) = c**3 + 2*c**2 - 3*c + 3. Suppose d = 2*d + x, 3*d - 10 = 2*x. List the prime factors of t(d).
13
Let k(j) = -j**3 + 4*j**2 + 4*j + 4. Let b be k(4). Suppose -2*p + 7 + 1 = 2*u, 5*p = 5*u + b. List the prime factors of p.
2
What are the prime factors of 698*3/54 + 10/45?
3, 13
Let z(u) be the first derivative of u**4/4 - 2*u**3/3 - u + 1. What are the prime factors of z(3)?
2
Let m = -1 + 76. Suppose 4*t + 3*z - m = 0, -t + 4*t = -4*z + 65. What are the prime factors of t?
3, 5
Suppose -13*l = -1316 - 1492. What are the prime factors of l?
2, 3
Let m(u) = -u**3 - u**2 - 1. Let s be m(-1). Let f be (-5 - -3) + s/(-1). Let w = f + 5. List the prime factors of w.
2
Suppose -5*f - 5 = y - 10*f, 0 = -3*y - 3*f + 21. Suppose 4*c = y*s - 35, -5*c = 4*s - 3*